{"id":382,"date":"2025-06-17T14:49:52","date_gmt":"2025-06-17T14:49:52","guid":{"rendered":"https:\/\/tan-starling-510496.hostingersite.com\/?page_id=382"},"modified":"2026-01-06T15:00:09","modified_gmt":"2026-01-06T15:00:09","slug":"conditions-generales-de-vente","status":"publish","type":"page","link":"https:\/\/camsformation.com\/?page_id=382","title":{"rendered":"Conditions g\u00e9n\u00e9rales de vente"},"content":{"rendered":"\t\t<div data-elementor-type=\"wp-page\" data-elementor-id=\"382\" class=\"elementor elementor-382\" data-elementor-post-type=\"page\">\n\t\t\t\t\t\t<section class=\"elementor-section elementor-top-section elementor-element elementor-element-619a4ed1 elementor-section-boxed elementor-section-height-default elementor-section-height-default\" data-id=\"619a4ed1\" data-element_type=\"section\" data-settings=\"{&quot;background_background&quot;:&quot;classic&quot;}\">\n\t\t\t\t\t\t\t<div class=\"elementor-background-overlay\"><\/div>\n\t\t\t\t\t\t\t<div class=\"elementor-container elementor-column-gap-default\">\n\t\t\t\t\t<div class=\"elementor-column elementor-col-100 elementor-top-column elementor-element elementor-element-16ac3198\" data-id=\"16ac3198\" data-element_type=\"column\" data-settings=\"{&quot;background_background&quot;:&quot;classic&quot;}\">\n\t\t\t<div class=\"elementor-widget-wrap elementor-element-populated\">\n\t\t\t\t\t\t<section class=\"elementor-section elementor-inner-section elementor-element elementor-element-c476ee9 elementor-section-boxed elementor-section-height-default elementor-section-height-default\" data-id=\"c476ee9\" data-element_type=\"section\">\n\t\t\t\t\t\t<div class=\"elementor-container elementor-column-gap-default\">\n\t\t\t\t\t<div class=\"elementor-column elementor-col-100 elementor-inner-column elementor-element elementor-element-4427cfa5\" data-id=\"4427cfa5\" data-element_type=\"column\">\n\t\t\t<div class=\"elementor-widget-wrap elementor-element-populated\">\n\t\t\t\t\t\t<div class=\"elementor-element elementor-element-66884bf0 elementor-widget__width-initial elementor-widget elementor-widget-heading\" data-id=\"66884bf0\" data-element_type=\"widget\" data-widget_type=\"heading.default\">\n\t\t\t\t<div class=\"elementor-widget-container\">\n\t\t\t\t\t<h5 class=\"elementor-heading-title elementor-size-default\">Conditions g\u00e9n\u00e9rales de vente <br><br><\/h5>\t\t\t\t<\/div>\n\t\t\t\t<\/div>\n\t\t\t\t<div class=\"elementor-element elementor-element-93550a0 elementor-widget elementor-widget-text-editor\" data-id=\"93550a0\" data-element_type=\"widget\" data-widget_type=\"text-editor.default\">\n\t\t\t\t<div class=\"elementor-widget-container\">\n\t\t\t\t\t\t\t\t\t<p data-start=\"0\" data-end=\"340\">Les pr\u00e9sentes Conditions G\u00e9n\u00e9rales de vente r\u00e9gissent les rapports entre :<br data-start=\"74\" data-end=\"77\" \/>Toute personne morale -entreprise, ou tout autre organisme public ou priv\u00e9 &#8211; qui ach\u00e8te des licences annuelles sur tout site Internet \u00e9dit\u00e9 par la soci\u00e9t\u00e9 <strong data-start=\"232\" data-end=\"250\">CAMS FORMATION<\/strong>.<br data-start=\"251\" data-end=\"254\" \/>D&rsquo;autre part,<br data-start=\"267\" data-end=\"270\" \/>Ci-apr\u00e8s d\u00e9sign\u00e9s individuellement \u00ab la Partie \u00bb ou \u00ab les Parties \u00bb.<\/p><p data-start=\"342\" data-end=\"469\"><strong data-start=\"342\" data-end=\"360\">CAMS FORMATION<\/strong> propose l&rsquo;acc\u00e8s \u00e0 une plateforme num\u00e9rique d&rsquo;apprentissage des technologies de d\u00e9veloppement informatique.<\/p><p data-start=\"471\" data-end=\"1665\"><strong data-start=\"471\" data-end=\"503\">Article 1 : Objet du Contrat<\/strong><br data-start=\"503\" data-end=\"506\" \/>Le Contrat a pour objet de d\u00e9finir les modalit\u00e9s de la souscription \u00e0 une ou plusieurs formations propos\u00e9es par la Plateforme par l&rsquo;Entreprise. Lors de son inscription, l&rsquo;Entreprise est invit\u00e9e \u00e0 accepter le Contrat en cochant la case pr\u00e9vue \u00e0 cet effet. D\u00e8s lors, toute souscription d&rsquo;une ou plusieurs formations emporte de plein droit adh\u00e9sion et acceptation des pr\u00e9sentes Conditions G\u00e9n\u00e9rales de Vente. L&rsquo;utilisateur cr\u00e9ant le compte pour l&rsquo;Entreprise d\u00e9clare avoir les autorisations n\u00e9cessaires pour engager l&rsquo;Entreprise faisant objet du pr\u00e9sent contrat. <strong data-start=\"1065\" data-end=\"1083\">CAMS FORMATION<\/strong> se r\u00e9serve le droit de modifier \u00e0 tout moment le contrat. Toute modification prendra effet imm\u00e9diatement \u00e0 compter de la mise en ligne de la nouvelle version du Contrat sur la Plateforme. L&rsquo;Entreprise s&rsquo;engage donc \u00e0 consulter r\u00e9guli\u00e8rement le Contrat pour prendre connaissance des modifications y ayant \u00e9t\u00e9 apport\u00e9es. L&rsquo;Entreprise est libre de demander la suppression de ses comptes et d&rsquo;arr\u00eater toute utilisation des sites \u00e9dit\u00e9s par <strong data-start=\"1520\" data-end=\"1538\">CAMS FORMATION<\/strong> si le Contrat modifi\u00e9 ne lui convient pas. \u00c0 d\u00e9faut, elle sera r\u00e9put\u00e9e accepter sans r\u00e9serve la nouvelle version du Contrat.<\/p><p data-start=\"1667\" data-end=\"2598\"><strong data-start=\"1667\" data-end=\"1703\">Article 2 : Formations annuelles<\/strong><br data-start=\"1703\" data-end=\"1706\" \/>\u00c0 l&rsquo;issue de la p\u00e9riode d&rsquo;essai, l&rsquo;Entreprise peut librement choisir de souscrire \u00e0 une ou plusieurs formations.<br data-start=\"1818\" data-end=\"1821\" \/>Cette souscription est manuelle et comporte une \u00e9tape de validation avec case \u00e0 cocher et r\u00e9capitulatif du prix.<br data-start=\"1933\" data-end=\"1936\" \/>\u00c0 partir de cette souscription, l&rsquo;Entreprise renonce express\u00e9ment \u00e0 son droit de r\u00e9tractation et s&rsquo;engage \u00e0 r\u00e9gler toutes les sommes dues au titre des abonnements. Dans le cas d&rsquo;un paiement par virement, les formations ne seront activ\u00e9es qu&rsquo;apr\u00e8s r\u00e9ception de ce dernier.<br data-start=\"2207\" data-end=\"2210\" \/>Si l&rsquo;Entreprise a choisi la m\u00e9thode de facturation par pr\u00e9l\u00e8vement automatique (carte bancaire ou mandat de pr\u00e9l\u00e8vement SEPA), les formations sont renouvell\u00e9es tacitement par d\u00e9faut. Ce renouvellement automatique peut \u00eatre d\u00e9sactiv\u00e9 \u00e0 tout moment depuis un des comptes administrateur de l&rsquo;Entreprise. Il est possible de d\u00e9sactiver le renouvellement pour une ou pour toutes les licences.<\/p><p data-start=\"2600\" data-end=\"2843\"><strong data-start=\"2600\" data-end=\"2639\">Article 3 : Ajout de collaborateurs<\/strong><br data-start=\"2639\" data-end=\"2642\" \/>L&rsquo;Entreprise peut ajouter \u00e0 tout moment un ou plusieurs de ses collaborateurs \u00e0 la Plateforme et souscrire des formations. Dans ce cas, les conditions tarifaires pr\u00e9c\u00e9demment d\u00e9crites s&rsquo;appliqueront.<\/p><p data-start=\"2845\" data-end=\"3509\"><strong data-start=\"2845\" data-end=\"2902\">Article 4 : R\u00e9siliation du contrat par CAMS FORMATION<\/strong><br data-start=\"2902\" data-end=\"2905\" \/>En cas d&rsquo;absence de r\u00e8glement, de violation par l&rsquo;un des collaborateurs des Conditions d&rsquo;Utilisation de la Plateforme ; de tentative d&rsquo;intrusion ou de contrefa\u00e7on des sites internet et Services par l&rsquo;un des collaborateurs ou l&rsquo;Entreprise ; <strong data-start=\"3145\" data-end=\"3163\">CAMS FORMATION<\/strong> peut suspendre sans pr\u00e9avis tous les comptes de l&rsquo;Entreprise sans aucune notification pr\u00e9alable et prononcer la r\u00e9siliation du contrat de plein droit. Dans tous les cas pr\u00e9cit\u00e9s, toutes les sommes restant dues par l&rsquo;Entreprise seront imm\u00e9diatement exigibles sans pr\u00e9judice des dommages et int\u00e9r\u00eats qui pourraient \u00eatre dus \u00e0 <strong data-start=\"3488\" data-end=\"3506\">CAMS FORMATION<\/strong>.<\/p><p data-start=\"3511\" data-end=\"4160\"><strong data-start=\"3511\" data-end=\"3550\">Article 5 : Facturation et paiement<\/strong><br data-start=\"3550\" data-end=\"3553\" \/>Comme indiqu\u00e9 pr\u00e9c\u00e9demment, le tarif est propre \u00e0 chaque formations.<br data-start=\"3621\" data-end=\"3624\" \/>Le paiement s&rsquo;effectuera : soit automatiquement par pr\u00e9l\u00e8vement sur le moyen de paiement communiqu\u00e9 par l&rsquo;Entreprise lors de son inscription (carte bancaire ou pr\u00e9l\u00e8vement par mandat SEPA), soit par virement. Ce choix de mode de facturation s&rsquo;effectue lors de l&rsquo;activation du compte et est d\u00e9finitif. En cas d&rsquo;\u00e9chec d&rsquo;un paiement, l&rsquo;Entreprise recevra un email l&rsquo;invitant \u00e0 mettre \u00e0 jour son moyen de paiement. Jusqu&rsquo;au paiement de la somme due par l&rsquo;Entreprise \u00e0 <strong data-start=\"4088\" data-end=\"4106\">CAMS FORMATION<\/strong>, tous les acc\u00e8s de tous les comptes seront bloqu\u00e9s.<\/p><p data-start=\"4162\" data-end=\"4289\"><strong data-start=\"4162\" data-end=\"4194\">Article 6 : Dur\u00e9e du contrat<\/strong><br data-start=\"4194\" data-end=\"4197\" \/>Le Contrat est conclu pour toute la dur\u00e9e d&rsquo;utilisation de la Plateforme par l&rsquo;Entreprise.<\/p><p data-start=\"4291\" data-end=\"5269\"><strong data-start=\"4291\" data-end=\"4336\">Article 7 : Limitations de responsabilit\u00e9<\/strong><br data-start=\"4336\" data-end=\"4339\" \/>La responsabilit\u00e9 de <strong data-start=\"4360\" data-end=\"4378\">CAMS FORMATION<\/strong> ne pourra \u00eatre engag\u00e9e que dans le cas o\u00f9 elle aura manqu\u00e9 \u00e0 l&rsquo;une de ses obligations et caus\u00e9 un pr\u00e9judice direct et certain \u00e0 l&rsquo;Entreprise. <strong data-start=\"4521\" data-end=\"4539\">CAMS FORMATION<\/strong> se r\u00e9serve pour des raisons de maintenance, le droit de suspendre momentan\u00e9ment et sans pr\u00e9avis tout ou partie de l&rsquo;acc\u00e8s \u00e0 la Plateforme pour la dur\u00e9e de la maintenance sans que l&rsquo;indisponibilit\u00e9 en r\u00e9sultant n&rsquo;ouvre droit \u00e0 une quelconque indemnit\u00e9 au profit de l&rsquo;Entreprise.<br data-start=\"4817\" data-end=\"4820\" \/>En outre, compte tenu de la nature du r\u00e9seau Internet, l&rsquo;Entreprise reconna\u00eet et accepte que <strong data-start=\"4913\" data-end=\"4931\">CAMS FORMATION<\/strong> ne puisse \u00eatre tenu pour responsable de toutes interruptions ou alt\u00e9rations de l&rsquo;acc\u00e8s \u00e0 la Plateforme, qui pourraient r\u00e9sulter du r\u00e9seau lui-m\u00eame, des moyens de connexion utilis\u00e9s par l&rsquo;Entreprise, ou de toute autre cause ext\u00e9rieure <strong data-start=\"5166\" data-end=\"5184\">CAMS FORMATION<\/strong>.<br data-start=\"5185\" data-end=\"5188\" \/>Ces \u00e9v\u00e8nements ne donneront droit \u00e0 aucune indemnit\u00e9 au profit de l&rsquo;Entreprise.<\/p><p data-start=\"5271\" data-end=\"5908\"><strong data-start=\"5271\" data-end=\"5311\">Article 8 : Propri\u00e9t\u00e9 intellectuelle<\/strong><br data-start=\"5311\" data-end=\"5314\" \/>Tous les textes, les exemples de code, les r\u00e9pertoires de code sur Github, Gitlat, Codesandbox ou toute autre plateforme, les vid\u00e9os, les exercices, les illustrations, et les images sont prot\u00e9g\u00e9s par le droit d&rsquo;auteur et pour le monde entier.<br data-start=\"5556\" data-end=\"5559\" \/>\u00c0 ce titre, seule l&rsquo;utilisation pour un usage priv\u00e9 strictement personnel est autoris\u00e9e. Toute autre utilisation est constitutive de contrefa\u00e7on et sanctionn\u00e9e par le code de propri\u00e9t\u00e9 intellectuelle. Toute reproduction totale ou partielle d&rsquo;un des \u00e9l\u00e9ments pr\u00e9cit\u00e9s ou de tout autre \u00e9l\u00e9ment disponible sur la Plateforme est strictement interdite.<\/p><p data-start=\"5910\" data-end=\"6241\"><strong data-start=\"5910\" data-end=\"5933\">Article 9 : Litiges<\/strong><br data-start=\"5933\" data-end=\"5936\" \/>Toute r\u00e9clamation doit, sous peine de d\u00e9ch\u00e9ance, \u00eatre effectu\u00e9e par lettre recommand\u00e9e avec accus\u00e9 de r\u00e9ception au si\u00e8ge social de <strong data-start=\"6067\" data-end=\"6085\">CAMS FORMATION<\/strong>. Tout litige ou toute proc\u00e9dure, quelle qu&rsquo;en soit la nature, sera soumis \u00e0 la comp\u00e9tence du Tribunal de Commerce de Paris qui appliquera la loi fran\u00e7aise.<\/p>\t\t\t\t\t\t\t\t<\/div>\n\t\t\t\t<\/div>\n\t\t\t\t\t<\/div>\n\t\t<\/div>\n\t\t\t\t\t<\/div>\n\t\t<\/section>\n\t\t\t\t\t<\/div>\n\t\t<\/div>\n\t\t\t\t\t<\/div>\n\t\t<\/section>\n\t\t\t\t<\/div>\n\t\t","protected":false},"excerpt":{"rendered":"<p>Conditions g\u00e9n\u00e9rales de vente Les pr\u00e9sentes Conditions G\u00e9n\u00e9rales de vente r\u00e9gissent les rapports entre :Toute personne morale -entreprise, ou tout autre organisme public ou priv\u00e9 &#8211; qui ach\u00e8te des licences annuelles sur tout site Internet \u00e9dit\u00e9 par la soci\u00e9t\u00e9 CAMS FORMATION.D&rsquo;autre part,Ci-apr\u00e8s d\u00e9sign\u00e9s individuellement \u00ab la Partie \u00bb ou \u00ab les Parties \u00bb. CAMS FORMATION [&hellip;]<\/p>\n","protected":false},"author":2,"featured_media":0,"parent":0,"menu_order":0,"comment_status":"closed","ping_status":"closed","template":"","meta":{"footnotes":""},"class_list":["post-382","page","type-page","status-publish","hentry"],"_links":{"self":[{"href":"https:\/\/camsformation.com\/index.php?rest_route=\/wp\/v2\/pages\/382","targetHints":{"allow":["GET"]}}],"collection":[{"href":"https:\/\/camsformation.com\/index.php?rest_route=\/wp\/v2\/pages"}],"about":[{"href":"https:\/\/camsformation.com\/index.php?rest_route=\/wp\/v2\/types\/page"}],"author":[{"embeddable":true,"href":"https:\/\/camsformation.com\/index.php?rest_route=\/wp\/v2\/users\/2"}],"replies":[{"embeddable":true,"href":"https:\/\/camsformation.com\/index.php?rest_route=%2Fwp%2Fv2%2Fcomments&post=382"}],"version-history":[{"count":7,"href":"https:\/\/camsformation.com\/index.php?rest_route=\/wp\/v2\/pages\/382\/revisions"}],"predecessor-version":[{"id":563,"href":"https:\/\/camsformation.com\/index.php?rest_route=\/wp\/v2\/pages\/382\/revisions\/563"}],"wp:attachment":[{"href":"https:\/\/camsformation.com\/index.php?rest_route=%2Fwp%2Fv2%2Fmedia&parent=382"}],"curies":[{"name":"wp","href":"https:\/\/api.w.org\/{rel}","templated":true}]}}